{"id":654,"date":"2012-12-22T17:06:25","date_gmt":"2012-12-22T16:06:25","guid":{"rendered":"http:\/\/www.sud-sdis84.fr\/?page_id=654"},"modified":"2013-01-17T12:19:26","modified_gmt":"2013-01-17T11:19:26","slug":"temps-de-travail","status":"publish","type":"page","link":"https:\/\/www.sud-sdis84.fr\/?page_id=654","title":{"rendered":"Temps de Travail"},"content":{"rendered":"<p>Voici quelques documents inh\u00e9rents temps de Travail chez les SPP<\/p>\n<p>courrier envoy\u00e9 \u00e0 tous les pr\u00e9fets et directeurs : <a href=\"https:\/\/www.sud-sdis84.fr\/wp-content\/uploads\/2013\/01\/directive-2003-88-ce-du-4-12-2003-temps-de-travail.pdf\">directive 2003-88-ce du 4-12-2003 temps de travail<\/a><\/p>\n<p><a href=\"https:\/\/www.sud-sdis84.fr\/wp-content\/uploads\/2012\/12\/1216_Com-CNSIS-du-12-12-2012-Plainte-et-mise-en-demeure-Commission-Europ\u00e9enne-d\u00e9cret-temps-de-travail-SPP-CNISIS-du-12-12-2012.pdf\">Com CNSIS du 12 12 2012 &#8211; Plainte et mise en demeure Commission Europ\u00e9enne, d\u00e9cret temps de travail SPP &#8211; CNISIS du 12 12 2012<\/a><\/p>\n<p><a href=\"https:\/\/www.sud-sdis84.fr\/wp-content\/uploads\/2012\/12\/2012-12-12-CNIS-communication1.pdf\" target=\"_blank\">2012-12-12-CNIS-communication<\/a><\/p>\n<p><a href=\"https:\/\/www.sud-sdis84.fr\/wp-content\/uploads\/2012\/12\/2012-12-07-SNSPP-NAT-Temps-de-travail-des-SPP-et-mise-en-demeure-de-lEurope.pdf\" target=\"_blank\">2012 12 07 SNSPP NAT Temps de travail des SPP et mise en demeure de l&#8217;Europe<\/a><\/p>\n<p><a href=\"https:\/\/www.sud-sdis84.fr\/wp-content\/uploads\/2012\/12\/Com.-aux-membres-du-parlement-europ\u00e9en-de-la-plainte-p\u00e9tition-Autonome-temps-de-travail-24-10-2012.pdf\">Com. aux membres du parlement europ\u00e9en de la plainte p\u00e9tition Autonome temps de travail, 24 10 2012<\/a><\/p>\n<p>&nbsp;<\/p>\n<p>&nbsp;<\/p>\n<div class=\"trackable_sharing\"><div class=\"trackable_sharing_text\"><b>Partager avec<\/b><\/div><a href=\"http:\/\/www.facebook.com\/sharer.php?u=https%3A%2F%2Fwww.sud-sdis84.fr%2F%3Fpage_id%3D654\" style=\"text-decoration: none; white-space: nowrap;\" title=\"Facebook\" target=\"_blank\" onclick=\"that=this;_gaq.push(['_trackEvent','SocialSharing','Facebook','https:\/\/www.sud-sdis84.fr\/?page_id=654']); _trackableshare_window = window.open(this.href,'share','menubar=0,resizable=1,width=500,height=350'); _trackableshare_window.focus(); return false;\"><img align=\"absmiddle\" src=\"https:\/\/www.sud-sdis84.fr\/wp-content\/plugins\/trackable-social-share-icons\/buttons\/1\/\/facebook.png\" alt=\"Facebook\" width=\"32\" height=\"32\"><\/a> <a href=\"http:\/\/twitter.com\/share?url=https%3A%2F%2Fwww.sud-sdis84.fr%2F%3Fpage_id%3D654&text=Temps+de+Travail\" style=\"text-decoration: none; white-space: nowrap;\" title=\"Twitter\" target=\"_blank\" onclick=\"that=this;_gaq.push(['_trackEvent','SocialSharing','Twitter','https:\/\/www.sud-sdis84.fr\/?page_id=654']); _trackableshare_window = window.open(this.href,'share','menubar=0,resizable=1,width=500,height=350'); _trackableshare_window.focus(); return false;\"><img align=\"absmiddle\" src=\"https:\/\/www.sud-sdis84.fr\/wp-content\/plugins\/trackable-social-share-icons\/buttons\/1\/\/twitter.png\" alt=\"Twitter\" width=\"32\" height=\"32\"><\/a> <a href=\"mailto:?subject=Check out https%3A%2F%2Fwww.sud-sdis84.fr%2F%3Fpage_id%3D654\" style=\"text-decoration: none; white-space: nowrap;\" title=\"Email\" onclick=\"that=this;_gaq.push(['_trackEvent','SocialSharing','Email','https:\/\/www.sud-sdis84.fr\/?page_id=654']); \"><img align=\"absmiddle\" src=\"https:\/\/www.sud-sdis84.fr\/wp-content\/plugins\/trackable-social-share-icons\/buttons\/1\/\/email.png\" alt=\"Email\" width=\"32\" height=\"32\"><\/a> <\/div>","protected":false},"excerpt":{"rendered":"<p>Voici quelques documents inh\u00e9rents temps de Travail chez les SPP courrier envoy\u00e9 \u00e0 tous les pr\u00e9fets et directeurs : directive 2003-88-ce du 4-12-2003 temps de travail Com CNSIS du 12 [&hellip;]<\/p>\n","protected":false},"author":1,"featured_media":0,"parent":502,"menu_order":0,"comment_status":"open","ping_status":"open","template":"","meta":[],"_links":{"self":[{"href":"https:\/\/www.sud-sdis84.fr\/index.php?rest_route=\/wp\/v2\/pages\/654"}],"collection":[{"href":"https:\/\/www.sud-sdis84.fr\/index.php?rest_route=\/wp\/v2\/pages"}],"about":[{"href":"https:\/\/www.sud-sdis84.fr\/index.php?rest_route=\/wp\/v2\/types\/page"}],"author":[{"embeddable":true,"href":"https:\/\/www.sud-sdis84.fr\/index.php?rest_route=\/wp\/v2\/users\/1"}],"replies":[{"embeddable":true,"href":"https:\/\/www.sud-sdis84.fr\/index.php?rest_route=%2Fwp%2Fv2%2Fcomments&post=654"}],"version-history":[{"count":5,"href":"https:\/\/www.sud-sdis84.fr\/index.php?rest_route=\/wp\/v2\/pages\/654\/revisions"}],"predecessor-version":[{"id":659,"href":"https:\/\/www.sud-sdis84.fr\/index.php?rest_route=\/wp\/v2\/pages\/654\/revisions\/659"}],"up":[{"embeddable":true,"href":"https:\/\/www.sud-sdis84.fr\/index.php?rest_route=\/wp\/v2\/pages\/502"}],"wp:attachment":[{"href":"https:\/\/www.sud-sdis84.fr\/index.php?rest_route=%2Fwp%2Fv2%2Fmedia&parent=654"}],"curies":[{"name":"wp","href":"https:\/\/api.w.org\/{rel}","templated":true}]}}

<p>Voici quelques documents inhérents temps de Travail chez les SPP</p>
<p>courrier envoyé à tous les préfets et directeurs : <a href="https://www.sud-sdis84.fr/wp-content/uploads/2013/01/directive-2003-88-ce-du-4-12-2003-temps-de-travail.pdf">directive 2003-88-ce du 4-12-2003 temps de travail</a></p>
<p><a href="https://www.sud-sdis84.fr/wp-content/uploads/2012/12/1216_Com-CNSIS-du-12-12-2012-Plainte-et-mise-en-demeure-Commission-Européenne-décret-temps-de-travail-SPP-CNISIS-du-12-12-2012.pdf">Com CNSIS du 12 12 2012 &#8211; Plainte et mise en demeure Commission Européenne, décret temps de travail SPP &#8211; CNISIS du 12 12 2012</a></p>
<p><a href="https://www.sud-sdis84.fr/wp-content/uploads/2012/12/2012-12-12-CNIS-communication1.pdf" target="_blank">2012-12-12-CNIS-communication</a></p>
<p><a href="https://www.sud-sdis84.fr/wp-content/uploads/2012/12/2012-12-07-SNSPP-NAT-Temps-de-travail-des-SPP-et-mise-en-demeure-de-lEurope.pdf" target="_blank">2012 12 07 SNSPP NAT Temps de travail des SPP et mise en demeure de l&#8217;Europe</a></p>
<p><a href="https://www.sud-sdis84.fr/wp-content/uploads/2012/12/Com.-aux-membres-du-parlement-européen-de-la-plainte-pétition-Autonome-temps-de-travail-24-10-2012.pdf">Com. aux membres du parlement européen de la plainte pétition Autonome temps de travail, 24 10 2012</a></p>
<p>&nbsp;</p>
<p>&nbsp;</p>
<div class="trackable_sharing"><div class="trackable_sharing_text"><b>Partager avec</b></div><a href="http://www.facebook.com/sharer.php?u=https%3A%2F%2Fwww.sud-sdis84.fr%2F%3Fpage_id%3D654" style="text-decoration: none; white-space: nowrap;" title="Facebook" target="_blank" onclick="that=this;_gaq.push(['_trackEvent','SocialSharing','Facebook','https://www.sud-sdis84.fr/?page_id=654']); _trackableshare_window = window.open(this.href,'share','menubar=0,resizable=1,width=500,height=350'); _trackableshare_window.focus(); return false;"><img align="absmiddle" src="https://www.sud-sdis84.fr/wp-content/plugins/trackable-social-share-icons/buttons/1//facebook.png" alt="Facebook" width="32" height="32"></a> <a href="http://twitter.com/share?url=https%3A%2F%2Fwww.sud-sdis84.fr%2F%3Fpage_id%3D654&text=Temps+de+Travail" style="text-decoration: none; white-space: nowrap;" title="Twitter" target="_blank" onclick="that=this;_gaq.push(['_trackEvent','SocialSharing','Twitter','https://www.sud-sdis84.fr/?page_id=654']); _trackableshare_window = window.open(this.href,'share','menubar=0,resizable=1,width=500,height=350'); _trackableshare_window.focus(); return false;"><img align="absmiddle" src="https://www.sud-sdis84.fr/wp-content/plugins/trackable-social-share-icons/buttons/1//twitter.png" alt="Twitter" width="32" height="32"></a> <a href="mailto:?subject=Check out https%3A%2F%2Fwww.sud-sdis84.fr%2F%3Fpage_id%3D654" style="text-decoration: none; white-space: nowrap;" title="Email" onclick="that=this;_gaq.push(['_trackEvent','SocialSharing','Email','https://www.sud-sdis84.fr/?page_id=654']); "><img align="absmiddle" src="https://www.sud-sdis84.fr/wp-content/plugins/trackable-social-share-icons/buttons/1//email.png" alt="Email" width="32" height="32"></a> </div>

<p>Voici quelques documents inhérents temps de Travail chez les SPP courrier envoyé à tous les préfets et directeurs : directive 2003-88-ce du 4-12-2003 temps de travail Com CNSIS du 12 [&hellip;]</p>
