{"id":686,"date":"2013-01-02T15:50:54","date_gmt":"2013-01-02T14:50:54","guid":{"rendered":"http:\/\/www.sud-sdis84.fr\/?page_id=686"},"modified":"2013-10-10T11:54:47","modified_gmt":"2013-10-10T09:54:47","slug":"documents-nationaux","status":"publish","type":"page","link":"https:\/\/www.sud-sdis84.fr\/?page_id=686","title":{"rendered":"Documents Nationaux"},"content":{"rendered":"<h3><strong><span style=\"color: #000000;\">Nnouvelles grilles indiciaires applicables au 1er janvier 2014<\/span><\/strong><\/h3>\n<p>rappel , valeur du point\u00a0 : <b>4,6303 \u20ac<\/b><\/p>\n<p>Capitaine, commandant, lieutenant-colonel et colonel SPP : <a href=\"http:\/\/www.emploi-collectivites.fr\/Grille-indiciaire-territoriale-capitaine-commandant-lieutenant-colonel-colonel-sapeur-pompier-professionnel\/7\/49.htm#.UlZ3KxDIiYc\" target=\"_blank\">Grille-indiciaire-territoriale-capitaine-commandant-lieutenant-colonel-colonel-sapeur-pompier-professionnel<\/a><\/p>\n<p>lieutenant SPP : <a href=\"http:\/\/www.emploi-collectivites.fr\/Grille-indiciaire-territoriale-lieutenant-sapeur-pompier-professionnel\/7\/214.htm#.UlZ2uBDIiYc\" target=\"_blank\">Grille-indiciaire-territoriale-lieutenant-sapeur-pompier-professionnel<\/a><\/p>\n<p>Sous-officier de sapeur pompier professionnel : <a href=\"http:\/\/www.emploi-collectivites.fr\/Grille-indiciaire-territoriale-officier-sapeur-pompier-professionnel\/7\/196.htm#.UlZ4ExDIiYc\" target=\"_blank\">Grille-indiciaire-territoriale-officier-sapeur-pompier-professionnel<\/a><\/p>\n<p>Sapeur et caporal de sapeur-pompier professionnel : <a href=\"http:\/\/www.emploi-collectivites.fr\/Grille-indiciaire-territoriale-sapeur-caporal-sapeur-pompier-professionnel\/7\/195.htm#.UlZ4EBDIiYc\" target=\"_blank\">Grille-indiciaire-territoriale-sapeur-caporal-sapeur-pompier-professionnel<\/a><\/p>\n<p>toutes les autres grilles pour les PATS :<\/p>\n<p><a title=\"grilles indiciaires 2014\" href=\"http:\/\/www.emploi-collectivites.fr\/Grille-indiciaire-territoriale\" target=\"_blank\">http:\/\/www.emploi-collectivites.fr\/Grille-indiciaire-territoriale<\/a><\/p>\n<p><strong>le jour de carence :<\/strong><\/p>\n<address style=\"padding-left: 30px;\">non versement de la r\u00e9mun\u00e9ration au titre du premier jour de cong\u00e9 de maladie des agents publics civils et militaires (application des dispositions de l\u2019article 105 de la loi n\u00b0 2011-1977 du 28 d\u00e9cembre 2011 de finances pour 2012)\u00a0<\/address>\n<address>la note \u00a0d&#8217;application:\u00a0<a href=\"https:\/\/www.sud-sdis84.fr\/wp-content\/uploads\/2013\/01\/C_20120224_N0001.pdf\">C_20120224_N0001<\/a><\/address>\n<address>l&#8217;article 105 de la loi 2011-1977 du 28\/11\/2011 :<a title=\"legifrance article 105\" href=\"http:\/\/legifrance.gouv.fr\/affichTexteArticle.do;jsessionid=09E8980DDC2748F98032134EF260D288.tpdjo08v_2?idArticle=LEGIARTI000025048331&amp;cidTexte=LEGITEXT000025048241&amp;dateTexte=20130102\" target=\"_blank\"> legifrance<\/a><\/address>\n<p>\u00a0<strong>Portail Fonction Publique<\/strong> \u00a0:<a title=\"portail fonction publique\" href=\"http:\/\/www.fonction-publique.gouv.fr\/fonction-publique\/statut-et-remunerations-3\" target=\"_blank\">r\u00e9mun\u00e9ration, indemnit\u00e9s, primes<\/a><\/p>\n<p><strong>Documents sur les primes existante<\/strong> :\u00a0<a title=\"la gazette 2009\" href=\"https:\/\/www.sud-sdis84.fr\/documents\/officiel\/PRIM1996_assembl.pdf\" target=\"_blank\">la gazette 2009<\/a><\/p>\n<p><strong>Arr\u00eat\u00e9 relatif aux formations SPP<\/strong> : <a href=\"https:\/\/www.sud-sdis84.fr\/wp-content\/uploads\/2013\/10\/Arrete-du-30-septembre-2013-formation-des-SPP.pdf\" target=\"_blank\">Arrete du 30 septembre 2013 formation des SPP<\/a><\/p>\n<p><strong>le r\u00e9f\u00e9rentiel et les annexes :<\/strong><\/p>\n<p><a href=\"https:\/\/www.sud-sdis84.fr\/wp-content\/uploads\/2013\/10\/R\u00e9f\u00e9rentiel-emplois-activit\u00e9s-et-comp\u00e9tences-SPPNO-17-04-2013.pdf\">R\u00e9f\u00e9rentiel emplois activit\u00e9s et comp\u00e9tences SPPNO 17 04 2013<\/a><\/p>\n<p><a href=\"https:\/\/www.sud-sdis84.fr\/wp-content\/uploads\/2013\/10\/Annexe-1-R\u00e9f\u00e9rentiel-Formation-SPPNO-17-04-13.pdf\">Annexe 1 R\u00e9f\u00e9rentiel Formation SPPNO &#8211; 17 04 13<\/a><\/p>\n<p><a href=\"https:\/\/www.sud-sdis84.fr\/wp-content\/uploads\/2013\/10\/Annexe-2-R\u00e9f\u00e9rentiel-Evaluation-SPPNO-17-04-13.pdf\">Annexe 2 R\u00e9f\u00e9rentiel Evaluation SPPNO &#8211; 17 04 13<\/a><\/p>\n<div class=\"trackable_sharing\"><div class=\"trackable_sharing_text\"><b>Partager avec<\/b><\/div><a href=\"http:\/\/www.facebook.com\/sharer.php?u=https%3A%2F%2Fwww.sud-sdis84.fr%2F%3Fpage_id%3D686\" style=\"text-decoration: none; white-space: nowrap;\" title=\"Facebook\" target=\"_blank\" onclick=\"that=this;_gaq.push(['_trackEvent','SocialSharing','Facebook','https:\/\/www.sud-sdis84.fr\/?page_id=686']); _trackableshare_window = window.open(this.href,'share','menubar=0,resizable=1,width=500,height=350'); _trackableshare_window.focus(); return false;\"><img align=\"absmiddle\" src=\"https:\/\/www.sud-sdis84.fr\/wp-content\/plugins\/trackable-social-share-icons\/buttons\/1\/\/facebook.png\" alt=\"Facebook\" width=\"32\" height=\"32\"><\/a> <a href=\"http:\/\/twitter.com\/share?url=https%3A%2F%2Fwww.sud-sdis84.fr%2F%3Fpage_id%3D686&text=Documents+Nationaux\" style=\"text-decoration: none; white-space: nowrap;\" title=\"Twitter\" target=\"_blank\" onclick=\"that=this;_gaq.push(['_trackEvent','SocialSharing','Twitter','https:\/\/www.sud-sdis84.fr\/?page_id=686']); _trackableshare_window = window.open(this.href,'share','menubar=0,resizable=1,width=500,height=350'); _trackableshare_window.focus(); return false;\"><img align=\"absmiddle\" src=\"https:\/\/www.sud-sdis84.fr\/wp-content\/plugins\/trackable-social-share-icons\/buttons\/1\/\/twitter.png\" alt=\"Twitter\" width=\"32\" height=\"32\"><\/a> <a href=\"mailto:?subject=Check out https%3A%2F%2Fwww.sud-sdis84.fr%2F%3Fpage_id%3D686\" style=\"text-decoration: none; white-space: nowrap;\" title=\"Email\" onclick=\"that=this;_gaq.push(['_trackEvent','SocialSharing','Email','https:\/\/www.sud-sdis84.fr\/?page_id=686']); \"><img align=\"absmiddle\" src=\"https:\/\/www.sud-sdis84.fr\/wp-content\/plugins\/trackable-social-share-icons\/buttons\/1\/\/email.png\" alt=\"Email\" width=\"32\" height=\"32\"><\/a> <\/div>","protected":false},"excerpt":{"rendered":"<p>Nnouvelles grilles indiciaires applicables au 1er janvier 2014 rappel , valeur du point\u00a0 : 4,6303 \u20ac Capitaine, commandant, lieutenant-colonel et colonel SPP : Grille-indiciaire-territoriale-capitaine-commandant-lieutenant-colonel-colonel-sapeur-pompier-professionnel lieutenant SPP : Grille-indiciaire-territoriale-lieutenant-sapeur-pompier-professionnel Sous-officier de [&hellip;]<\/p>\n","protected":false},"author":1,"featured_media":0,"parent":502,"menu_order":0,"comment_status":"open","ping_status":"open","template":"","meta":[],"_links":{"self":[{"href":"https:\/\/www.sud-sdis84.fr\/index.php?rest_route=\/wp\/v2\/pages\/686"}],"collection":[{"href":"https:\/\/www.sud-sdis84.fr\/index.php?rest_route=\/wp\/v2\/pages"}],"about":[{"href":"https:\/\/www.sud-sdis84.fr\/index.php?rest_route=\/wp\/v2\/types\/page"}],"author":[{"embeddable":true,"href":"https:\/\/www.sud-sdis84.fr\/index.php?rest_route=\/wp\/v2\/users\/1"}],"replies":[{"embeddable":true,"href":"https:\/\/www.sud-sdis84.fr\/index.php?rest_route=%2Fwp%2Fv2%2Fcomments&post=686"}],"version-history":[{"count":9,"href":"https:\/\/www.sud-sdis84.fr\/index.php?rest_route=\/wp\/v2\/pages\/686\/revisions"}],"predecessor-version":[{"id":809,"href":"https:\/\/www.sud-sdis84.fr\/index.php?rest_route=\/wp\/v2\/pages\/686\/revisions\/809"}],"up":[{"embeddable":true,"href":"https:\/\/www.sud-sdis84.fr\/index.php?rest_route=\/wp\/v2\/pages\/502"}],"wp:attachment":[{"href":"https:\/\/www.sud-sdis84.fr\/index.php?rest_route=%2Fwp%2Fv2%2Fmedia&parent=686"}],"curies":[{"name":"wp","href":"https:\/\/api.w.org\/{rel}","templated":true}]}}

<h3><strong><span style="color: #000000;">Nnouvelles grilles indiciaires applicables au 1er janvier 2014</span></strong></h3>
<p>rappel , valeur du point  : <b>4,6303 €</b></p>
<p>Capitaine, commandant, lieutenant-colonel et colonel SPP : <a href="http://www.emploi-collectivites.fr/Grille-indiciaire-territoriale-capitaine-commandant-lieutenant-colonel-colonel-sapeur-pompier-professionnel/7/49.htm#.UlZ3KxDIiYc" target="_blank">Grille-indiciaire-territoriale-capitaine-commandant-lieutenant-colonel-colonel-sapeur-pompier-professionnel</a></p>
<p>lieutenant SPP : <a href="http://www.emploi-collectivites.fr/Grille-indiciaire-territoriale-lieutenant-sapeur-pompier-professionnel/7/214.htm#.UlZ2uBDIiYc" target="_blank">Grille-indiciaire-territoriale-lieutenant-sapeur-pompier-professionnel</a></p>
<p>Sous-officier de sapeur pompier professionnel : <a href="http://www.emploi-collectivites.fr/Grille-indiciaire-territoriale-officier-sapeur-pompier-professionnel/7/196.htm#.UlZ4ExDIiYc" target="_blank">Grille-indiciaire-territoriale-officier-sapeur-pompier-professionnel</a></p>
<p>Sapeur et caporal de sapeur-pompier professionnel : <a href="http://www.emploi-collectivites.fr/Grille-indiciaire-territoriale-sapeur-caporal-sapeur-pompier-professionnel/7/195.htm#.UlZ4EBDIiYc" target="_blank">Grille-indiciaire-territoriale-sapeur-caporal-sapeur-pompier-professionnel</a></p>
<p>toutes les autres grilles pour les PATS :</p>
<p><a title="grilles indiciaires 2014" href="http://www.emploi-collectivites.fr/Grille-indiciaire-territoriale" target="_blank">http://www.emploi-collectivites.fr/Grille-indiciaire-territoriale</a></p>
<p><strong>le jour de carence :</strong></p>
<address style="padding-left: 30px;">non versement de la rémunération au titre du premier jour de congé de maladie des agents publics civils et militaires (application des dispositions de l’article 105 de la loi n° 2011-1977 du 28 décembre 2011 de finances pour 2012) </address>
<address>la note  d&#8217;application: <a href="https://www.sud-sdis84.fr/wp-content/uploads/2013/01/C_20120224_N0001.pdf">C_20120224_N0001</a></address>
<address>l&#8217;article 105 de la loi 2011-1977 du 28/11/2011 :<a title="legifrance article 105" href="http://legifrance.gouv.fr/affichTexteArticle.do;jsessionid=09E8980DDC2748F98032134EF260D288.tpdjo08v_2?idArticle=LEGIARTI000025048331&amp;cidTexte=LEGITEXT000025048241&amp;dateTexte=20130102" target="_blank"> legifrance</a></address>
<p> <strong>Portail Fonction Publique</strong>  :<a title="portail fonction publique" href="http://www.fonction-publique.gouv.fr/fonction-publique/statut-et-remunerations-3" target="_blank">rémunération, indemnités, primes</a></p>
<p><strong>Documents sur les primes existante</strong> : <a title="la gazette 2009" href="https://www.sud-sdis84.fr/documents/officiel/PRIM1996_assembl.pdf" target="_blank">la gazette 2009</a></p>
<p><strong>Arrêté relatif aux formations SPP</strong> : <a href="https://www.sud-sdis84.fr/wp-content/uploads/2013/10/Arrete-du-30-septembre-2013-formation-des-SPP.pdf" target="_blank">Arrete du 30 septembre 2013 formation des SPP</a></p>
<p><strong>le référentiel et les annexes :</strong></p>
<p><a href="https://www.sud-sdis84.fr/wp-content/uploads/2013/10/Référentiel-emplois-activités-et-compétences-SPPNO-17-04-2013.pdf">Référentiel emplois activités et compétences SPPNO 17 04 2013</a></p>
<p><a href="https://www.sud-sdis84.fr/wp-content/uploads/2013/10/Annexe-1-Référentiel-Formation-SPPNO-17-04-13.pdf">Annexe 1 Référentiel Formation SPPNO &#8211; 17 04 13</a></p>
<p><a href="https://www.sud-sdis84.fr/wp-content/uploads/2013/10/Annexe-2-Référentiel-Evaluation-SPPNO-17-04-13.pdf">Annexe 2 Référentiel Evaluation SPPNO &#8211; 17 04 13</a></p>
<div class="trackable_sharing"><div class="trackable_sharing_text"><b>Partager avec</b></div><a href="http://www.facebook.com/sharer.php?u=https%3A%2F%2Fwww.sud-sdis84.fr%2F%3Fpage_id%3D686" style="text-decoration: none; white-space: nowrap;" title="Facebook" target="_blank" onclick="that=this;_gaq.push(['_trackEvent','SocialSharing','Facebook','https://www.sud-sdis84.fr/?page_id=686']); _trackableshare_window = window.open(this.href,'share','menubar=0,resizable=1,width=500,height=350'); _trackableshare_window.focus(); return false;"><img align="absmiddle" src="https://www.sud-sdis84.fr/wp-content/plugins/trackable-social-share-icons/buttons/1//facebook.png" alt="Facebook" width="32" height="32"></a> <a href="http://twitter.com/share?url=https%3A%2F%2Fwww.sud-sdis84.fr%2F%3Fpage_id%3D686&text=Documents+Nationaux" style="text-decoration: none; white-space: nowrap;" title="Twitter" target="_blank" onclick="that=this;_gaq.push(['_trackEvent','SocialSharing','Twitter','https://www.sud-sdis84.fr/?page_id=686']); _trackableshare_window = window.open(this.href,'share','menubar=0,resizable=1,width=500,height=350'); _trackableshare_window.focus(); return false;"><img align="absmiddle" src="https://www.sud-sdis84.fr/wp-content/plugins/trackable-social-share-icons/buttons/1//twitter.png" alt="Twitter" width="32" height="32"></a> <a href="mailto:?subject=Check out https%3A%2F%2Fwww.sud-sdis84.fr%2F%3Fpage_id%3D686" style="text-decoration: none; white-space: nowrap;" title="Email" onclick="that=this;_gaq.push(['_trackEvent','SocialSharing','Email','https://www.sud-sdis84.fr/?page_id=686']); "><img align="absmiddle" src="https://www.sud-sdis84.fr/wp-content/plugins/trackable-social-share-icons/buttons/1//email.png" alt="Email" width="32" height="32"></a> </div>
